of d**5/60 + d**4/12 - 5*d**3/3 - 37*d**2 + 2*d. Let i = 27 - 19. Let k be y(i). What is the highest common factor of k and 10?
10
Let k be 124/12 + 1/(-3). Let x(i) = -i**2 - i + 3. Let z be x(-3). Let q be 1/z + (-310)/(-30). Calculate the greatest common factor of k and q.
10
Suppose 36 = 12*f - 2184. Calculate the highest common factor of f and 10.
5
Suppose 5*h + 169 - 470 = -2*y, 4*h + 310 = 2*y. Calculate the highest common factor of 85 and y.
17
Let l(y) = y**3 + 21*y**2 - y + 4. Let d be l(-21). What is the greatest common divisor of d and 725?
25
Suppose 7*q = 10*q - 69. Suppose -x + q = -17. What is the greatest common factor of x and 5?
5
Suppose 9*t - 10*t = 37. Let n = t - -79. Calculate the greatest common factor of 63 and n.
21
Let y be 66/54 - 2/9 - -259. What is the highest common divisor of 20 and y?
20
Let x(j) = 2*j**2 - 2*j - 1. Let g be x(-1). Suppose 156 = r - 5*d, 0 = -g*r + r - 5*d + 252. Let a = r - 92. What is the greatest common factor of 22 and a?
22
Suppose -27 = -3*f + x, -f + 2*x + 14 = -0*x. Let w = 35 + 21. Calculate the highest common divisor of w and f.
8
Let v = -898 - -954. Calculate the highest common factor of 392 and v.
56
Let l = -67 - -102. Let x(j) = -j**3 - 7*j**2 - 3*j - 81. Let z be x(-8). What is the greatest common factor of z and l?
7
Let r = -11 + 264. Let s = -105 + r. Suppose -3*n + 308 = -s. Calculate the greatest common divisor of 38 and n.
38
Let s be (3/(-6))/(8/(-1056)). What is the greatest common divisor of 30 and s?
6
Let z be 5/20*(7 + 65). What is the highest common factor of z and 312?
6
Let o be (-4 - -5 - 16) + 2. Let m = 16 - o. Calculate the highest common factor of 232 and m.
29
Suppose -7*j + 98 + 14 = 0. Calculate the highest common factor of j and 432.
16
Let g(r) = -26*r**2 + 115*r + 1. Let q be g(4). What is the highest common factor of q and 144?
9
Let x = -41 - -70. Let r = 16 + x. What is the highest common factor of r and 9?
9
Suppose 0*o + 3*o = 0. Let b(p) = 1310 + 0*p - 1262 + p. Let n be b(o). What is the highest common factor of 12 and n?
12
Let y = -1641 - -1698. Calculate the highest common factor of y and 456.
57
Suppose 0 = -28*d + 1186 - 290. Let w be 2 - 1 - (-30 + -1). What is the highest common factor of w and d?
32
Let m be (66 - 54) + -3 + -1 + 0. Let v be (-2)/(-4) - (-7 + (-332)/m). Calculate the highest common divisor of 7 and v.
7
Let f be (-75)/(-45) - 1/(-3). Let u be 3/(((-6)/(-11))/f). Calculate the highest common divisor of 11 and u.
11
Let t(s) = -2*s + 19 + 19 + s**2 + s**3 - 28. Let v be t(0). Calculate the greatest common divisor of 80 and v.
10
Let o be -3*2*(1 - (-63)/(-6)). Calculate the greatest common divisor of o and 285.
57
Let j be -7*(58/(-14) - 1). Let m be j*-1*(-6)/8. Suppose 4*v + 80 - 504 = -2*d, 2*v - 4*d - 232 = 0. What is the greatest common divisor of m and v?
27
Let l = -1788 - -1841. Calculate the greatest common factor of 371 and l.
53
Suppose 0*r - r + 38 = 0. Suppose i = -12 + r. Calculate the greatest common factor of i and 13.
13
Let n(q) = q**2 + q. Let y be n(-3). Let r be (54/21)/(3/56). Calculate the highest common divisor of y and r.
6
Suppose -109*n = -125*n + 864. What is the highest common factor of n and 216?
54
Suppose 6*g - 437 = 2*g - o, -g - o + 107 = 0. Calculate the highest common factor of g and 275.
55
Let w(c) = -15*c + 3. Let q be w(2). Let p = q + 43. Let y = p - 12. Calculate the highest common divisor of 2 and y.
2
Let u be 4 - (-8 + 10 - 12). What is the highest common divisor of 70 and u?
14
Let h(x) = 2*x**2 + 17*x - 9. Let p be h(-13). Calculate the greatest common divisor of p and 12.
12
Let y be ((-24)/12)/(2/(-24)). Suppose z - 37 = -y. Suppose -3*k + l = -277, 0*l + l + 368 = 4*k. Calculate the highest common divisor of z and k.
13
Let z be ((-77)/(-7))/((-2)/(-22)). What is the highest common divisor of z and 22?
11
Let h = 7 - 2. Suppose 5*a + h*u = 65, u - 4*u + 3 = 0. What is the highest common factor of 3 and a?
3
Suppose -3*a - 4*a + 1134 = 0. What is the highest common factor of 18 and a?
18
Suppose 0 = -2*v - 2*v, -2*n = -4*v + 18. Let k be (n/(-18))/(1/14). Calculate the greatest common factor of k and 7.
7
Let k(r) = -r**3 + r**2 + 6*r. Let q be k(3). Let x be (1 - 1) + q - 3. Let l be 7 + -3 - (x + -45). Calculate the greatest common divisor of l and 78.
26
Suppose 5*o - 133 = -3*y, -3*y + o + 63 = -40. Let g = 35 - 23. What is the highest common divisor of g and y?
12
Suppose 4*i = 2*v + 678, 3*i + 5*v = 355 + 134. Suppose -3*c + i = 48. Calculate the greatest common factor of 10 and c.
10
Let o be (17/(-5) - -3)*25. Let w = 8 + o. Let a be w*7*8/(-4). Calculate the highest common factor of 7 and a.
7
Suppose -3*i = 5*v - 4*i - 198, 2*v = -2*i + 72. Calculate the highest common factor of v and 507.
39
Suppose -2*h - 4*y + 70 = 0, 5*h - 6 = -5*y + 174. What is the highest common factor of 2183 and h?
37
Let t(a) = 2*a + 15. Let o be t(-6). Let y be (1/o*-10)/((-30)/135). Calculate the highest common divisor of y and 5.
5
Let s = -496 + 694. Let v be 176/20*(35/2)/7. Calculate the greatest common factor of s and v.
22
Let k(g) = 2*g**2 - 50*g + 121. Let i be k(0). Let r = -2 + 5. Suppose r*v - 5 = -5*l + 3, -v = 3*l + 4. What is the highest common factor of i and v?
11
Let s be 2/(-6) - (5 - 716/6). Suppose -135 = -3*q + 3*i + s, -4*q = 5*i - 377. Calculate the highest common factor of 11 and q.
11
Let a be ((-6208)/(-20) - -3)*5. Let i be a/6 + 12/(-72). Calculate the greatest common divisor of i and 29.
29
Suppose -4*t = 4*i - 64, -9 - 7 = -4*i. Calculate the greatest common divisor of t and 12.
12
Let y(b) = 3*b**2 + b - 2. Let g be y(2). Let q = 15 - g. Suppose 5*h + 5*i = 55, 2 = q*h - 2*i - 16. What is the greatest common factor of 72 and h?
8
Let p(m) = -90*m + 65. Let d be p(-4). Calculate the greatest common divisor of d and 75.
25
Suppose 14*y = 21*y - 896. What is the greatest common factor of 72 and y?
8
Let r be 2/(-10) - 3/(-15). Suppose -d + r = -1. What is the greatest common factor of 1 and d?
1
Suppose 2 = 2*n - 2*a - 4, 0 = 4*n + 2*a - 30. Let v(x) = -4*x + 34. Let i be v(n). What is the greatest common factor of 190 and i?
10
Suppose 3*g = 3*h + 12, 5 = 2*h - 3. Suppose g*k = 3*k + 575. Calculate the highest common factor of k and 46.
23
Let d(m) = -2*m**3 + 4*m**2 + 4*m + 3. Let g be d(-2). Suppose 3*p - g = -18. What is the greatest common divisor of p and 3?
3
Let v = 131 + -99. What is the highest common divisor of 64 and v?
32
Let a(p) = -5*p + 61. Let c be a(9). Calculate the highest common factor of c and 1.
1
Let a be 2*5/((-30)/9). Let b be ((-10)/4)/(a/18). Let l(s) = s**3 - 5*s**2 + 5*s + 1. Let q be l(4). What is the highest common divisor of q and b?
5
Suppose 2*y + 5088 = 7*y - 3*d, 3*d = -y + 1032. Calculate the greatest common factor of 68 and y.
68
Let o = -41 + 53. What is the highest common factor of o and 60?
12
Let k be 0 - (0 + 1 - 27). Let s = 37 - k. Calculate the greatest common divisor of s and 11.
11
Let t(l) = l + 360. Let x be t(0). Suppose x = c + 3*c. Suppose -c + 18 = -3*q. Calculate the highest common factor of q and 216.
24
Let n = 1797 - 887. Calculate the highest common factor of 140 and n.
70
Suppose 180 = 3*f + 2*a, 2*a - 10 - 50 = -f. Suppose 4*m - 2*m = -f. Let w = m + 66. Calculate the greatest common factor of w and 24.
12
Let n be (-1)/4 + 5199/12. Suppose 590 = 4*p + u - 0*u, 4*u = 3*p - n. Calculate the highest common divisor of p and 42.
21
Suppose 0 = -16*k + 13*k. Suppose 0 = -r + 5*b + 17, k*r = 4*r - 2*b - 14. Let p(j) = -j - 2. Let w be p(-10). What is the greatest common factor of w and r?
2
Let b be 1 + 10/1 + -1. Let j be 10 + ((-4)/2 - 0/2). Let i be (2 + j/(-14))*35. What is the highest common factor of i and b?
10
Suppose -5 - 3 = -d + 3*m, 2*d + 3*m = 34. Suppose 0 = -3*b + 4*b - 77. Suppose 4*j = b - 21. What is the highest common divisor of d and j?
14
Suppose 2*p = -8, 9*p - 106 = -5*m + 8*p. Suppose 5*g - 28 = -3, -4*w = -5*g - 327. Calculate the greatest common divisor of m and w.
22
Suppose 3*j - 4*h = -2*j + 52, 0 = 2*h + 6. Let r = 5019 + -4995. What is the greatest common factor of j and r?
8
Suppose 15*k - 13*k = -5*u + 2110, 0 = -2*u - 4*k + 828. Calculate the highest common divisor